divisor of 942 and 586238?
314
What is the greatest common factor of 5550 and 2790?
30
Calculate the greatest common divisor of 185 and 42365.
185
Calculate the greatest common factor of 171 and 330714.
171
What is the highest common factor of 1248927 and 3?
3
Calculate the highest common factor of 6016 and 3.
1
What is the highest common factor of 2104 and 48?
8
Calculate the greatest common divisor of 24852 and 1311.
57
What is the highest common factor of 303 and 1107?
3
What is the highest common divisor of 27608 and 105763?
203
What is the greatest common divisor of 117 and 225?
9
What is the greatest common factor of 5917 and 1464?
61
What is the greatest common divisor of 10240 and 352?
32
Calculate the greatest common factor of 416 and 143856.
16
What is the greatest common divisor of 72699 and 48?
3
What is the greatest common divisor of 2938 and 32544?
226
Calculate the greatest common factor of 4521 and 6270.
33
What is the highest common divisor of 82092 and 60?
12
Calculate the highest common factor of 12850 and 50.
50
What is the highest common divisor of 18235 and 315?
35
Calculate the greatest common factor of 1681595 and 248.
31
What is the greatest common factor of 96634 and 418?
38
What is the highest common divisor of 4867 and 44745?
157
Calculate the greatest common factor of 1752 and 18688.
584
Calculate the greatest common factor of 61008 and 132.
12
What is the highest common divisor of 2626 and 194?
2
Calculate the greatest common divisor of 1452 and 32820.
12
Calculate the highest common factor of 2784 and 28188.
348
Calculate the greatest common factor of 1524237 and 1326.
663
What is the highest common divisor of 320 and 15240?
40
What is the greatest common divisor of 57682 and 11078?
382
Calculate the highest common divisor of 9072 and 5103.
567
Calculate the highest common divisor of 342126 and 1494.
1494
Calculate the highest common factor of 1465 and 465577.
293
What is the greatest common factor of 1272651 and 5996?
1499
What is the greatest common divisor of 3848 and 3700?
148
What is the highest common factor of 16299 and 27?
9
Calculate the highest common divisor of 45 and 12165.
15
What is the greatest common factor of 540 and 547020?
540
Calculate the greatest common factor of 9472 and 9176.
296
What is the highest common divisor of 198496 and 32?
32
Calculate the greatest common divisor of 138982 and 1.
1
What is the highest common divisor of 338952 and 8?
8
What is the highest common divisor of 11904 and 88784?
496
Calculate the greatest common divisor of 7806 and 114.
6
What is the highest common divisor of 17043 and 65?
13
Calculate the highest common factor of 135 and 26541.
27
Calculate the greatest common factor of 665 and 171.
19
What is the greatest common divisor of 9263 and 590?
59
What is the highest common factor of 39 and 45877?
13
Calculate the greatest common factor of 236 and 292.
4
Calculate the greatest common divisor of 342246 and 18.
6
Calculate the greatest common factor of 34 and 1949152.
34
What is the greatest common divisor of 197736 and 3080?
616
What is the greatest common divisor of 137 and 2488468?
137
What is the highest common divisor of 19480 and 24?
8
Calculate the highest common factor of 822 and 66719.
137
What is the greatest common divisor of 65317 and 1421?
49
What is the highest common divisor of 68 and 9622?
34
Calculate the highest common factor of 366 and 370514.
122
What is the highest common factor of 3732449 and 259?
259
What is the highest common factor of 3410 and 51260?
110
Calculate the greatest common factor of 4701 and 6.
3
Calculate the greatest common divisor of 380 and 411825.
95
What is the highest common divisor of 16 and 777184?
16
Calculate the highest common factor of 35034 and 6.
6
Calculate the greatest common divisor of 312 and 231.
3
Calculate the greatest common divisor of 15851 and 154.
11
What is the greatest common divisor of 250 and 941125?
125
What is the highest common factor of 92 and 148624?
4
What is the greatest common divisor of 19692 and 2808?
36
Calculate the greatest common divisor of 29988 and 1344.
84
What is the greatest common divisor of 5928 and 18943?
19
What is the greatest common factor of 855 and 14220?
45
Calculate the greatest common factor of 358 and 419218.
358
Calculate the greatest common divisor of 2322 and 5886.
54
Calculate the greatest common factor of 177099 and 2028.
39
Calculate the highest common factor of 65 and 250276.
13
What is the highest common factor of 256968 and 32?
8
What is the highest common factor of 1586 and 3146?
26
What is the highest common divisor of 4674 and 335749?
779
Calculate the greatest common divisor of 5416 and 8.
8
What is the highest common divisor of 30 and 1296?
6
What is the highest common factor of 9 and 184563?
9
What is the highest common factor of 13298 and 61?
61
What is the greatest common divisor of 25355 and 2200?
55
What is the greatest common factor of 12 and 18276?
12
Calculate the greatest common factor of 316 and 23858.
158
Calculate the greatest common divisor of 4352 and 13736.
136
What is the highest common factor of 92826 and 486?
486
What is the greatest common factor of 6 and 121962?
6
Calculate the greatest common factor of 11914 and 27922.
46
Calculate the greatest common divisor of 364 and 26754.
182
What is the highest common divisor of 221662 and 56?
14
Calculate the greatest common divisor of 70 and 4375.
35
What is the greatest common factor of 4095 and 5070?
195
Calculate the greatest common divisor of 113582 and 3416.
854
What is the highest common factor of 97450 and 250?
50
Calculate the highest common divisor of 846645 and 75.
15
What is the greatest common divisor of 2680500 and 375?
375
Calculate the highest common divisor of 3 and 33925.
1
Calculate the highest common divisor of 37404 and 162.
18
Calculate the greatest common divisor of 3127 and 583.
53
Calculate the highest common factor of 45338 and 18.
2
What is the highest common factor of 1412 and 16591?
353
What is the greatest common divisor of 1070 and 152?
2
Calculate the highest common factor of 2850282 and 54.
54
What is the greatest common factor of 81881 and 666?
37
Calculate the highest common factor of 48840 and 185.
185
Calculate the highest common divisor of 1300 and 127712.
52
Calculate the highest common divisor of 30 and 916785.
15
What is the greatest common divisor of 3796 and 13?
13
Calculate the highest common divisor of 3060334 and 23.
23
Calculate the greatest common factor of 838 and 2813166.
838
What is the highest common divisor of 16 and 33560?
8
Calculate the highest common divisor of 70928 and 312.
104
What is the greatest common factor of 14331 and 357?
51
Calculate the greatest common divisor of 60669 and 5481.
189
Calculate the greatest common factor of 1666 and 12614.
238
Calculate the greatest common factor of 461839 and 119.
119
Calculate the greatest common divisor of 10314 and 198.
18
Calculate the greatest common factor of 513 and 64980.
171
Calculate the highest common divisor of 61 and 1200175.
61
What is the greatest common divisor of 3033 and 27?
9
Calculate the greatest common factor of 6929 and 3211.
169
Calculate the greatest common factor of 2052 and 762.
6
Calculate the greatest common factor of 865860 and 60.
60
Calculate the highest common divisor of 25992 and 2184.
24
What is the greatest common divisor of 88 and 656018?
22
Calculate the highest common factor of 22736 and 180496.
464
Calculate the highest common divisor of 61851 and 318.
159
Calculate the highest common factor of 255 and 141321.
51
What is the greatest common factor of 9027 and 1233?
9
Calculate the greatest common divisor of 111339 and 24831.
801
What is the highest common factor of 3810 and 230?
10
What is the highest common factor of 36719 and 13432?
73
Calculate the highest common divisor of 6090 and 634578.
1218
What is the highest common divisor of 2286 and 234?
18
What is the highest common divisor of 3956 and 1290?
86
What is the greatest common divisor of 94606 and 62?
2
Calculate the highest common divisor of 108153 and 19503.
1773
Calculate the greatest common factor of 2544 and 96.
48
Calculate the greatest common factor of 737450 and 430.
430
What is the